2*p - 9 = 0, -4*a - 3*p + r = 0. List the prime factors of a.
7
Let x(w) = w**2 - 2*w - 7. Suppose -2*v = -4*v + 6. Suppose v*o + 2*o - 25 = 0. What are the prime factors of x(o)?
2
Let o be (6/(-4))/((-33)/(-44)). What are the prime factors of (-4)/o*(-34)/(-2)?
2, 17
Suppose -44*r + 343 = -43*r. List the prime factors of r.
7
Suppose -4*g + 557 = 3*x, x - 64 = 4*g + 127. List the prime factors of x.
11, 17
Suppose -2*l = l + 93. Let r = -19 - l. List the prime factors of r.
2, 3
Suppose -2*q - 4*l = 3*q - 35, -28 = -4*q - 4*l. Suppose 0*o = -o + q. List the prime factors of o.
7
Let r = 53 + -7. Let k = r - 20. List the prime factors of k.
2, 13
Let b be 5*3 + (-1)/(-1). Suppose -y = 3*y - 3*h + 4, -3*h = 2*y - b. Suppose y = -x + 10. List the prime factors of x.
2
Suppose 4*w + z - 96 = 120, 3*w = 4*z + 162. What are the prime factors of w?
2, 3
Let t = 39 - 7. Suppose 3*i = i + t. List the prime factors of i.
2
Let c be (7 + -1)/((-6)/(-4)). Suppose c*l = 2*l + 10. Suppose 0*w - w + 3*z = -18, w - l*z - 26 = 0. List the prime factors of w.
2, 3
Let t(n) = n + 4. Let i be t(-4). Suppose 0 + 6 = 3*s. What are the prime factors of (s - i) + (-2)/(-1)?
2
Suppose 5*i = -56 + 226. List the prime factors of 3/4 - i/(-8).
5
Suppose -5*s - 54 = -8*s. What are the prime factors of s?
2, 3
Let t = 0 - 3. Let k be -57*2*t/18. Let a = 37 - k. What are the prime factors of a?
2, 3
Let l = -12 + 15. List the prime factors of (-175)/(-21) - (-2)/l.
3
Let f(k) = -k**3 - 5*k**2 - 2*k. Let g be f(-6). Suppose -3*s - s = -g. What are the prime factors of s?
2, 3
Suppose -6*o - 56 = -404. List the prime factors of o.
2, 29
Let p(c) be the third derivative of c**6/120 - c**5/30 + c**4/8 + c**3/3 + 10*c**2. What are the prime factors of p(3)?
2, 5
Let g = -218 - -310. List the prime factors of g.
2, 23
Let b = -60 - -105. List the prime factors of b.
3, 5
Suppose -10 = 2*r + 2*h, -4*r - 16 = -5*h + 40. List the prime factors of (-3)/(1*r/15).
5
Suppose -4*s + 1733 - 357 = 0. List the prime factors of s.
2, 43
Let v = -13 + 16. Suppose 29 + 52 = v*u - 3*s, -u - s + 23 = 0. What are the prime factors of u?
5
Let k be (-1)/(-3) - (-52)/6. Let z = 14 - k. List the prime factors of z.
5
Let r(z) = -z**2 - 3*z - 2. Let w be r(-3). Let s(b) = 3*b**2 + 3*b. What are the prime factors of s(w)?
2, 3
Let t be 3 - (-1)/3*0. Let d = t - 1. Suppose d*j - 12 = -j. What are the prime factors of j?
2
Let n(j) = 2*j - 11. Let b be n(10). Let v(g) be the third derivative of g**5/60 - 7*g**4/24 - 2*g**3/3 + 4*g**2. What are the prime factors of v(b)?
2, 7
Let f(y) = -y**3 - y**2 + y + 44. What are the prime factors of f(0)?
2, 11
Let s = 4 + -2. Let k(o) = 25*o - 2. List the prime factors of k(s).
2, 3
Let t(w) be the first derivative of 5*w**2/2 - w + 2. Let g be t(1). Suppose 40 + 0 = g*n. List the prime factors of n.
2, 5
Suppose 9*s = 2*s + 14. Let u = 8 + s. List the prime factors of u.
2, 5
Let g = 4 - -14. Let v = -13 + g. What are the prime factors of v?
5
Suppose 4*m + 4 = 348. Suppose -3*y + m = 23. Let d = y + -11. What are the prime factors of d?
2, 5
Let f(y) = 19*y - 27. List the prime factors of f(8).
5
Suppose 3*h - 38 = 2*o + 15, 5*h = 4*o + 101. Let c = 47 + o. What are the prime factors of c?
2, 7
Let r = 58 - 82. Let b = r - -42. Suppose 0*h + b = 2*k - h, -k - 3*h = -9. What are the prime factors of k?
3
What are the prime factors of 1/4 + (-422)/(-8)?
53
Suppose -16 = -4*f - 0. Suppose 127 - 19 = f*m. List the prime factors of m.
3
Suppose 2*r - 44 = 22. Let h be r/9 + 4/(-6). Suppose k + 24 = h*k. List the prime factors of k.
2, 3
Let z = 39 + -9. List the prime factors of z.
2, 3, 5
Suppose -2*z - b = -5 - 7, -4*b = -3*z + 18. List the prime factors of z.
2, 3
Let w = -3 + 4. Let z = w - -2. What are the prime factors of z?
3
Suppose 2*f = -f + 18. Let x(q) = -q + 6. Let r be x(f). Suppose r = 2*g - g - 2. List the prime factors of g.
2
Suppose 4*a - 72 = 2*k + k, 4*a = -3*k + 72. Suppose d + 0 = a. What are the prime factors of d?
2, 3
Let q(i) be the third derivative of i**4/24 + 2*i**2. Let g be q(4). Suppose g*l - 22 - 19 = -x, -3*x + 15 = 0. List the prime factors of l.
3
Let j = -23 + 34. Suppose 7 + j = u. What are the prime factors of u?
2, 3
Let p(t) be the first derivative of 1/3*t**3 - 1 - t**2 + 3*t. List the prime factors of p(3).
2, 3
Let q(f) = -f**3 - 10*f**2 - 2*f + 2. Let u(l) = 3 - 4*l + 4*l**2 - l**3 - 24*l**2 - l - l**3. Let h(c) = 11*q(c) - 6*u(c). List the prime factors of h(-9).
13
Let z = 43 + -9. Let g = z - 14. What are the prime factors of g?
2, 5
List the prime factors of ((-5)/3 - -1)*(-1704)/16.
71
Suppose -18*n - 338 = -19*n. What are the prime factors of n?
2, 13
Suppose 10 = 2*d + 3*d. Suppose 5*b - 5*o - 25 = 0, -b - d*b + 33 = 3*o. What are the prime factors of b?
2
Let m(a) = 2*a - 1 - 4 - 4*a. Suppose 14*r = 11*r - 27. List the prime factors of m(r).
13
Suppose 2*a - 6*a = -60. Suppose -4 = -z + a. What are the prime factors of z?
19
Suppose -12*z = -7*z - 30. Suppose z*p - p = 150. What are the prime factors of p?
2, 3, 5
Suppose 4*c - 23 = -7. Suppose -24 - c = -a. List the prime factors of a.
2, 7
Let m(x) = -x**2 + 3. Let p be m(-3). What are the prime factors of (-110)/p - (-1)/(-3)?
2, 3
Suppose -5*h = -0 - 20. Let m = h - 2. List the prime factors of m.
2
Let l = -2 - -5. Suppose -4*p = -13 - l. Let x = p - -8. List the prime factors of x.
2, 3
Suppose 0 = -0*z - 2*z + 10. Suppose -r = 5*o + 8, -z*o - 10 = -3*r - 3*o. What are the prime factors of r?
2
Let f(n) = 6*n. Let w be f(-3). Let b = w - -37. Let x = b - 7. What are the prime factors of x?
2, 3
Let b be (-12)/(-5) - 6/(-10). Suppose 0 = 2*c - b - 11. What are the prime factors of (-2)/c - (-237)/21?
11
Let u be -3 - (-3 + -3) - -4. Let x = -5 + u. List the prime factors of x.
2
Let f = -25 + 16. Suppose 4*v - 69 = 3. Let a = v + f. What are the prime factors of a?
3
Suppose -4*d = -7 - 13. Suppose 4*t - 4 = 2*c, -c + t = c - d. Suppose a = c*a - 24. List the prime factors of a.
2
Suppose -50 = 2*z - 4*z. Suppose 0 = -3*t + z + 116. What are the prime factors of t?
47
Suppose 4*u + 6*a = a + 2, -4*a - 17 = -3*u. Suppose -5 + 17 = 3*k, u*j - 13 = 5*k. What are the prime factors of j?
11
Suppose -4*a = -3*q + 38 + 16, -18 = -q - 5*a. Suppose -3*s = -5*s + q. What are the prime factors of s?
3
Suppose -6*d + 16 = -2*d. Let r(c) = 5*c**2 + 4*c**2 - 4*c**2 + c**3 - 3*c - 2*c**3. What are the prime factors of r(d)?
2
List the prime factors of (-711)/(-63) - (-4)/(-14).
11
List the prime factors of ((-3)/2)/(30/(-2840)).
2, 71
Let x = 15 + -11. List the prime factors of x.
2
Let m be 1*((-3 - -3) + -4). What are the prime factors of (-124)/(-12) + m/(-6)?
11
Suppose 21 = 5*z - 2*z. What are the prime factors of z?
7
Suppose 0 = -5*t + 2*k - 330, -5*k + 2*k + 132 = -2*t. Let j be (-3)/(3/t*2). Suppose 0*i - 2*s + 13 = i, 3*i = -4*s + j. List the prime factors of i.
7
Let u = 0 + 0. Suppose 2*l + b = -0*l + 10, 4*l + b - 18 = u. What are the prime factors of l?
2
Let o(w) = w**3 - 2*w**2 - 2. Let c be o(2). Let t be c/8 - 1/(-4). Suppose 0*n - 13 = -n - 4*d, -4*n - 5*d + 41 = t. What are the prime factors of n?
3
Let o(f) = 0*f - 6 + 4 - f - 1. What are the prime factors of o(-11)?
2
Let n(c) = c + 6. Let o be n(-7). Let g(k) = -7*k**3 + k + 1. What are the prime factors of g(o)?
7
Let v be (-11)/(-2) + 2/4. Let m = 19 - v. Suppose -y - 1 + 19 = 2*o, -3*o - m = -y. List the prime factors of y.
2
Let n(r) = r**2 + 9. Let i = 14 + -6. Suppose -3*m = -i*m. What are the prime factors of n(m)?
3
Suppose 0 = -b + 5*c - 16, 14 = -2*b - 3*c + 34. Suppose 2*n - b*n = -4. Suppose -2*f + 7 = i, -n*i + i = 5. What are the prime factors of f?
2, 3
What are the prime factors of ((-4)/(-6))/(0 + (-4)/(-1446))?
241
Let a = 74 + -9. List the prime factors of a.
5, 13
Let r(y) = y**3 + 11*y**2 - 12*y - 7. Let m be r(-12). Let f(c) = c**2 + 5*c + 4. What are the prime factors of f(m)?
2, 3
Let r(c) = c**2 - 5*c - 2. Let d be r(6). Let u be 18/d + 9/(-6). Suppose -1 - 22 = -5*g + 3*a, 0 = 5*g + u*a - 47. What are the prime factors of g?
7
Let r be 4/14 + (-8)/28. Let a = -7 + r. Let u(o) = o**3 + 7*o**2 - 3*o - 7. List the prime factors of u(a).
2, 7
Let r be 21/(-14) - (-38)/(-4)